1235, -2*b - 2*g = 3*b - 1538. Suppose 3*h - 4*h = -2*v + b, v = 3*h + 144. What is the hundreds digit of v?
1
Suppose -399*n + 12180 = -395*n. What is the units digit of n?
5
Suppose -5*x + 141 = -0*c - c, -4*x = -3*c - 390. Let q be c/(-8) - (-3)/(-4). What is the tens digit of (-9751)/(-105) - (-2)/q?
9
Let j = -518 - -340. Let h = 20 - j. Suppose 9*g - 558 = -h. What is the tens digit of g?
4
Suppose 8*f + 6171 = 3*z + 4*f, 0 = -4*z + 3*f + 8221. Suppose -4985 = -9*y + z. What is the hundreds digit of y?
7
Let j be 67 + 4 + (-5)/(-5). Suppose 7*d = 6*d + j. Let r = 90 - d. What is the units digit of r?
8
Suppose 4*g - n = 1746, 868 = 5*g - 3*g + 2*n. Suppose 11*q - 2820 = g. What is the tens digit of q?
9
Let z(j) = -j**3 + 153*j**2 - 34*j - 83. What is the units digit of z(24)?
5
Suppose -k + 4172 = 375. What is the tens digit of k?
9
Suppose 14*x + 31266 = 21*x - 6114. What is the tens digit of x?
4
Let y be 4/((-279)/(-57) + -5). Let t = y - -92. Let j = t + -5. What is the units digit of j?
9
Let n be 2*51*2/12. Suppose 5*g + n = 77. Suppose 0 = -4*k + b + 4*b + 66, 0 = -k - b + g. What is the units digit of k?
4
Let t be 1 + 34 - 4/2. Suppose 6*s + 36 = 4*s + 4*h, -2*h - 62 = 4*s. Let b = t + s. What is the units digit of b?
7
Let f(k) = -2*k**3 + 13*k**2 + 7*k + 4. Let q be f(7). Suppose -3*y + 514 = q. What is the tens digit of y?
7
Suppose -2*c - 39 = -5*g, c + c - 6 = 0. Suppose -w + 1 = 3*p, -6 = -3*w + 3*p + g. Suppose 5*f + w*l = 44, -2*l + 48 = 5*f + l. What is the units digit of f?
2
Suppose -3*r - t - 94 = 3*t, r = t - 29. Let o = 28 - r. What is the units digit of o?
8
Let x = 910 + -905. Suppose -30 = -w - 4*w. Suppose -x*r = w*r - 1661. What is the units digit of r?
1
Let g(r) = -13*r**3 + 3*r**2 + 3*r + 17. Let z be g(-5). Suppose 4*j - 2*m = z, 0 = 5*j - 4*m - 0*m - 2129. Let x = j + -213. What is the tens digit of x?
1
Let i = -8944 - -12719. What is the units digit of i?
5
Suppose -32196 = -17*p - 7886 + 151708. What is the thousands digit of p?
0
Let n(x) = -2*x**3 - 11*x**2 + 15*x + 63. Let p be n(-6). Suppose 0 = 3*o + 15, 10*o - 3124 = -3*j + p*o. What is the units digit of j?
3
Suppose 5*t + 3*j - 1166 = 442, -3*t + 2*j = -961. Let l = 968 - t. What is the hundreds digit of l?
6
Let b(q) = -4*q - 59. Let o(k) = k + 20. Let r(g) = -4*b(g) - 11*o(g). Let j be r(-5). What is the tens digit of (-233)/(-3) + (-3)/j?
7
Suppose 3*z + 303 = 2*p + p, 4*z = 0. Let m = 320 - p. Suppose 5*t - m = 371. What is the units digit of t?
8
Let i be (45/(-12))/((-3)/(-512)). Let k = 257 - i. What is the hundreds digit of k?
8
Let v(c) be the first derivative of -c**4/4 + 6*c**3 + 5*c**2/2 + 41*c + 39. What is the hundreds digit of v(18)?
1
Suppose 8*s - 6*s - 2057 = 3*g, 0 = -s - 5*g + 1035. Let u = -513 + s. What is the units digit of u?
7
Let v = -4600 - -2460. What is the hundreds digit of ((-21)/12)/(5/v)?
7
Let c(t) = 0*t - 9*t - 40 + 2*t - 8*t. Let u be c(-12). Suppose 2*d + 4*p + u = 6*d, 3*d - 105 = -2*p. What is the units digit of d?
5
Suppose -3*m + 93 = j, -8*m + 10*m - 2*j - 54 = 0. What is the tens digit of 4/m - (12 - (-57948)/(-90))?
3
Suppose -80*n = -22*n - 999109 - 355539. What is the tens digit of n?
5
Suppose -3*y - 1078 - 7369 = -w, 5*y = -5*w + 42175. What is the hundreds digit of w?
4
Let t(z) = -2169*z + 8640. What is the units digit of t(-16)?
4
Suppose 5*s = 5*l - 98341 + 28226, -4*s = -l + 14044. What is the ten thousands digit of l?
1
Let c = -25255 + 34064. What is the hundreds digit of c?
8
Suppose -98*x + 412859 = -259323. What is the thousands digit of x?
6
Let d = -201 + 389. Suppose 62*v - 16*v - 250 = 256. Suppose v*r - d = 10*r. What is the tens digit of r?
8
Let d(f) = -2*f**2 - 21*f - 18. Let y be d(-9). Suppose y*x = 13457 + 2482. What is the hundreds digit of x?
7
Suppose 128 = 13*f - 54. What is the hundreds digit of ((-43)/(-3))/(f/420)?
4
What is the hundreds digit of (30/6 - (-3)/(-3))*802?
2
Suppose -17 = -11*o + 16. Let a(l) = -l + l - l**o + 1 - 11*l - 4*l**2 - 3*l**2. What is the tens digit of a(-6)?
3
Suppose -187*o + 210*o - 179147 = 0. What is the thousands digit of o?
7
Suppose 0 = -5*w, 4*l + 4*w = l - 63. What is the units digit of (-27)/(-63) + (-1356)/l?
5
What is the hundreds digit of 304 + (-6 - -3) + -21 + 32?
3
Suppose -n - 5*h - 18 = 0, -n - 6 = -6*n - h. Suppose 4*f + n*p = 12, -6*p + 5*p = 4. Suppose 3*x = -5*t + 157, x + f*t + 88 = 3*x. What is the tens digit of x?
4
Suppose -39*v + 1724 - 6170 = 0. What is the units digit of (-2)/19 + ((-249426)/v)/9?
3
Let w(l) = l**3 + 3*l**2 + 3*l + 2. Let h be w(4). Let i = 165 - h. What is the tens digit of i?
3
Suppose -4*z = -4*j - 388, -4*j - 233 = z + 175. Let c = 73 + j. What is the tens digit of 8700/34 + c/(-238)?
5
Let o(q) = -5*q + 34. Let m be o(6). Suppose 17 = -m*u + 5*u + 3*v, -5*u = 4*v - 85. What is the tens digit of u?
1
Suppose 2*j - 3 = j. What is the tens digit of j*((-1556)/(-48) - (-24)/(-32))?
9
Let v(x) = 599*x - 5307. What is the hundreds digit of v(69)?
0
Let v(a) = 64*a**2 - 83*a + 842. What is the hundreds digit of v(10)?
4
Let g(h) = 367*h - 8. Let q(p) = p**3 + 24*p**2 - 51*p + 27. Let k be q(-26). What is the hundreds digit of g(k)?
3
Let g(v) = -v**3 - 18*v**2 + 76*v + 285. What is the ten thousands digit of g(-39)?
2
Suppose -5*p - 20 = 0, 7*p - 6*p = 3*u - 349. Let o(a) = 2*a**2 - 3*a - 22. Let h be o(17). Suppose -110*r + u*r = h. What is the tens digit of r?
0
Suppose 0 = -8*h + 51384 + 101040. What is the hundreds digit of h?
0
What is the units digit of 20179 - (-8 + -3 - -10)?
0
Suppose 0 = 4*j + 37*j - 312830. What is the tens digit of j?
3
Let j(s) = 482*s**2 + 141*s - 274. What is the units digit of j(2)?
6
Let p(c) = c**3 + 40*c**2 + 25*c + 69. What is the tens digit of p(-32)?
6
Suppose 12*i - 106973 + 48160 - 138635 = 0. What is the hundreds digit of i?
4
Let w(k) = -k**3 + 11*k**2 + 8*k - 14. Let q = -172 + 178. What is the hundreds digit of w(q)?
2
Let x = -35 - -35. Let b be (x - -1)*(-1)/(4/(-16)). Suppose 2*p + 112 = 3*p + b*j, -3*p + 256 = -4*j. What is the tens digit of p?
9
Suppose -3*j + 3*j + 33930 = 10*j. What is the units digit of j?
3
Suppose 0 = -5*g - 25*g - 114697 + 638917. What is the ten thousands digit of g?
1
Let i(f) = -84*f**3 + 29*f**2 + 107*f - 14. What is the tens digit of i(-4)?
9
Let w be (2 - -6) + 6/3. Let m be (8/(-20))/((-1)/w). Suppose 3*c - 6 = 0, 3*r - c = m*r - 231. What is the hundreds digit of r?
2
Let a(y) = -460*y + 5. Let u be a(1). Let x = u - -814. What is the tens digit of x?
5
Suppose 1578854 = 85*b + 402879. What is the thousands digit of b?
3
Suppose -z - 5 = 5*u + 2*z, 0 = 3*z + 15. Let a be (5/10)/(u/96). Suppose 26*f - 54 = a*f. What is the tens digit of f?
2
Let g(a) = -619*a + 1565. What is the tens digit of g(-1)?
8
Let s be (-80847)/42 + (-1)/14. Let g = s + 2839. What is the hundreds digit of g?
9
Suppose 3*f = -4*m + 86302, 4*f + 283*m - 281*m = 115096. What is the units digit of f?
8
Let r(y) = 2*y + 13. Let x be r(-12). Let t(l) = -2*l**3 - 12*l**2 - 15*l + 34. What is the tens digit of t(x)?
0
Let q be -2 - (-3 + -2*(-2)/(-4)). What is the units digit of (-19968)/18*(-3)/q?
4
Suppose -13*s - 398709 = -81*s + 286255. What is the ten thousands digit of s?
1
Let u = 12 + -7. What is the units digit of -2 + u/((-25)/(-35))?
5
Let w(t) = -t**2 - 6*t + 8*t - 2 - 4*t - t**3. Let u be w(-2). What is the units digit of ((-63)/6*5)/((-3)/u)?
5
Let d(b) = -729*b + 351. What is the hundreds digit of d(-3)?
5
Let a(u) = -u**3 - 17*u**2 - u - 20. Let r be a(-17). What is the hundreds digit of ((-10)/6)/(r/675)?
3
Let l(j) be the third derivative of j**6/120 + 7*j**5/60 + j**4/24 + 4*j**3/3 + 34*j**2. Let c be l(-7). What is the hundreds digit of (-261)/(-2) - c/2?
1
Suppose -44*u = -26*u + 195*u - 7731261. What is the hundreds digit of u?
2
Let u(i) = -2*i**3 + 88*i**2 + 10. Let f be u(44). Suppose f*k - 4756 = 8844. What is the hundreds digit of k?
3
Suppose x - 2283 = -3*h, 3*x = -4*h + h + 2283. Suppose 4*d - 5*r - h = 0, 5*d - 477 = 3*r + 484. What is the tens digit of d?
9
Suppose 7*v + 40 = 17*v. What is the hundreds digit of 1/((-3294)/(-822) - v)?
1
Let v(g) = 106*g**2 + 15*g - 41. Let h be v(5). Suppose -5*d + 461 = -h. What is th